+ -10.
-28
Calculate 51 + 3 - (4 - (26 - 13) - -27 - 9).
45
9 + -30 + (22 + -15 - 28)
-42
Calculate -12 - -3 - -27 - (24 + -44) - -1.
39
Calculate -104 + 103 - 10 - (-42 - (1 + -1)).
31
What is the value of -5 + 8 + 3 + 8 + -1 + 0?
13
4 + 2 + -21 + (14 - 6) + 31
24
(7 - -1) + -2 + 19 + (73 - (-57 + 99))
56
What is the value of (64 - 58) + (3 + -2 - (9 + -13 + -65))?
76
Calculate 204 - 203 - (-16 - -115).
-98
Evaluate 8 + (-39 + -23 - 32).
-86
((6 - -3) + -8 - -4) + (-13 - -130)
122
What is the value of (-17 - (-63 + 64 - (-2 + 11))) + -1 + -1?
-11
What is 6 - ((-5 - -27) + -19 - (70 + -11))?
62
What is -11 - (153 - -2 - 220)?
54
Evaluate -65 + (63 - 96) + 50.
-48
Calculate -91 - (235 + -112 + -142).
-72
Calculate -7 + 7 + 10 + 35 - (0 - (8 + -4)).
49
Evaluate (-25 - (8 + 8)) + 50.
9
Calculate 0 + -85 - (18 + -22) - (150 + -160).
-71
Calculate 8 - (5 - -7) - (9 - 3) - (37 - 16).
-31
Calculate (-184 - -155) + (1 - (0 - (4 - (-4 - -7)))).
-27
Evaluate -1 + (3 - 26 - (-19 + 2)) + -65.
-72
Evaluate -111 + 0 + -14 + -23 + -18 + 74.
-92
What is the value of 57 + 1 + (-181 + -56 - -231)?
52
Calculate 5 + (1 - 15) + (-1 + 18 - (-47 - -59)).
-4
60 + 12 + 25 + -77
20
What is the value of 8 + 8 - (-23 + -23 + 17)?
45
Evaluate (-9 - -24 - 33 - (27 - 29)) + (-8 - 0).
-24
Calculate -1 - 9 - (9 + -38 + -9).
28
What is (1 - -9 - -11) + -24 - 20?
-23
-186 + 191 + (-11 - (-2 + 1 + -3))
-2
Evaluate 85 + (40 - 75) + 8.
58
Calculate -65 - -1 - ((-103 - -62) + 28) - -7.
-44
Evaluate 7 + (-128 - -68) + 63.
10
Evaluate -2 - (1 - -66) - (151 + -135 + -18).
-67
Calculate (-6 + 17 + -4 - 5) + (-103 - -91).
-10
Evaluate -15 - ((12 - (4 + 2 + 12)) + 10).
-19
What is the value of 6 - (-4 + 7 + (-23 - -8) + 116)?
-98
Calculate -83 + (-5 - -10) - -47.
-31
(50 - 15) + -1 + 33 - -28
95
Calculate 2 - -42 - (81 + 11).
-48
Evaluate 7 + (-32 + -8 + 76 - 51).
-8
What is the value of (186 - 302) + 0 + 46 - 11?
-81
-22 - (-9 - -66) - (61 - 15)
-125
Evaluate (-228 - -75 - -136) + (93 - (-3 + 1)).
78
Calculate 1 + -5 + (-30 - 149) + 98.
-85
Calculate -24 - (3 - (-7 - (-9 + 2) - (-11 + -2))).
-14
What is 1 + -22 + -168 + (13 - -154)?
-22
What is the value of (166 - 183) + 7 + -11 + 20 - 44?
-45
What is -98 + (-7 - -1 - -3) + (-4201 - -4186) - -7?
-109
What is 440 + -440 - (-1 + -39)?
40
What is the value of (-4 + -1 + 5 - 1) + (-16 - 25 - -29)?
-13
-6 - (135 + (-11 + 3 - (4 + 10)))
-119
What is the value of 38 + -7 - -6 - (-5 - ((2 - 8) + -6))?
30
What is (-201 - -223 - 195) + (49 - -1)?
-123
What is the value of -66 + (138 - 70) + 16?
18
Calculate -13 + 53 + -66 + 100.
74
Calculate 22 + -105 + 77 + -17 + -106.
-129
What is 3231 + -3078 - (58 - 0)?
95
1 + 16 - (-20 - (161 - 190 - (-13 - -3)))
18
Evaluate (-5 - 38) + (4 + -8 - -15 - -1).
-31
(-32 - -115) + (-39 - -23 - 22)
45
What is 12 + 5 + -9 + 9 + -3?
14
What is the value of (48 - 58) + 40 + -68 + -104?
-142
What is the value of 18 - 5 - (1 - (41 - 107)) - -10?
-44
Evaluate 24 + (-8 - 11 - 96) + (-2 - (-2 + -4)).
-87
What is the value of (-12 - (19 + 8 + -13 - 17)) + 117 - -7?
115
What is 2 - (2 - 5) - (-3576 + 3588) - 15?
-22
Evaluate (28 - 13) + 55 + (6 - 4) - (-6 - -13).
65
Calculate -46 - (5 + (-51 - -55 - (2 - -3))).
-50
Calculate 6 - (2 + -22 + (-1 - 0) - 4).
31
Calculate 3 + (-8 + -65 + 2 - (-7 + (9 - 4))).
-66
Calculate (41 - (46 + -26 + 46)) + 88.
63
Calculate -15 - (-171 + 8 + 109).
39
Calculate -27 + 41 + -8 + -26.
-20
What is 0 + (4 - -6) + -3 + 106 + (-4 - 10)?
99
Evaluate 3 + 3 + -76 + (125 - 115).
-60
1 - (6 + -8) - -8
11
Evaluate 6 + (2 - -12) + 0 + -54.
-34
Calculate 37 + -6 + 2 - -9.
42
What is the value of 33 - 2 - (-411 + 434)?
8
Evaluate 3 + -7 + 34 + 11.
41
Evaluate (7 + 9 + -6 + 0 - -1) + -10 - 6.
-5
579 + -555 - (70 - 1) - 4
-49
What is -1621 + 1619 + -1 + 11?
8
What is -14 + (-64 - -148) + (-15 - -6 - -7)?
68
What is -12 + (12 - (11 + -10)) + -11?
-12
(-33 + -36 - -114) + -2 + 34
77
What is the value of 5 + -34 - (-6 + (-23 - -14) + 13)?
-27
Evaluate -12 + (-16 - (16 - -15 - 14)).
-45
Evaluate 15 + (-1 + 8 - (34 - 35) - 17).
6
Calculate 5 - (109 + -5 + 5) - (13 + -21 - -20).
-116
10 + 1 + ((-32 - -16) + 20 - 73)
-58
(-175 + 256 - (-8 - (-6 - (-6 - -3)))) + -13
73
What is the value of -81 + -49 + 80 - (-8 - (-3 + 2 - 2))?
-45
Calculate (-30 + (11 - 26) - -22) + 92.
69
22 + -21 + 49 + -79
-29
What is the value of 1211 + -1220 - (-29 + -4)?
24
Evaluate (1 - 1 - (-1 - -3) - 6) + 28046 + -27974.
64
Calculate 13 + 7 + (-4 - -4 - -3 - 13).
10
4 + 3 + -14 - -15 - 11
-3
Evaluate -4 - (41 + 15 + -19) - 62.
-103
Calculate 23 - -2 - (-23 + 33 + -6 - -7).
14
94 - (36 - 88) - 280
-134
Evaluate 10 + (-1 - 13) + -366 + 381 + -48.
-37
Calculate -26 - (17 - 19 - -2) - 4.
-30
Calculate (3 - -1 - 1 - 4) + (156 - 189).
-34
Calculate -5 - 9 - ((-50 - -7 - -13) + 19).
-3
What is the value of -260 - -250 - (22 - 6)?
-26
What is the value of (14 - 10) + (3 - (3 - (-37 + -4)))?
-37
What is 40 + -37 + -9 - 4?
-10
What is -84 + (37 - -8) + (42 - 67)?
-64
(18 - 4) + (-27 + 21 - -4) + -14 + 40
38
What is the value of 8 + -40 + (29 - (11 + -1))?
-13
1 + 4 + (-3 - 1 - (31 - -8 - -5))
-43
What is the value of -56 - (-35 + 12 - 1)?
-32
What is the value of (-31 - (2 + -21 + -2)) + 1 + (2 - -29)?
22
(92 - 64 - 22) + -56
-50
Calculate -37 - (39 - (84 + -69)).
-61
Evaluate (76 - (-51 - -116)) + (1 - 122).
-110
What is the value of (21 - (-27 - -74)) + 33?
7
Calculate -172 - -257 - (58 + -2).
29
What is -18 + 6 - (-25 + -2 - (-94 - -113))?
34
What is 6 + (-24 - -18) + 3 + (-117 - -1) + -1?
-114
-16 + 70 - (-20 + 4 + 19)
51
What is the value of (-13 + 35 - -5) + 13?
40
17 - (69 + -45 + -39)
32
What is the value of 12 + -29 - -4 - (4 - (-46 - 1))?
-64
What is -50 + 5 - (-14 - 36)?
5
-1 - 21 - (-59 + (63 - -9) - (1 + 14))
-20
1 + -2 + -7 + ((-3 - 0) + 3 - -3)
-5
What is the value of -19 - (242 + -371 - ((1 - 1) + 2))?
112
54 + 0 + -2851 + 2787
-10
What is the value of -2 - 0 - (218 - 212) - (54 + -2 + 4)?
-64
Calculate -3 - (-28 - -19 - 95) - 26.
75
What is 150 - 142 - ((3 - 23) + 14)?
14
Calculate (409 - 395) + (3 - 26).
-9
143 - 162 - (2 + -44 - -11)
12
What is the value of (5 - -1) + 429 + -447 + 17 - 10?
-5
Evaluate (449 - 518) + (4 - (12 + -7) - 13).
-83
What is the value of (23 - (58 - 26)) + -17 + 50?
24
-8 + (-46 - -95) - 37
4
What is the value of -22 + -2 - (1040 + -1051)?
-13
(40 + -28 - -1) + 3 + -40
-24
What is the value of -5 + -1 + (23 - 18 - 19)?
-20
Evaluate -44 + 166 + (52 - 123).
51
What is -42 - (-78 + (-31 - -45))?
22
Calculate -77 + (7 - 112 - -78).
-104
What is the value of (20 - 8) + 5 - (-27 - -36) - (-3 + -4)?
15
What is (6 - -1) + (3 - 39) + (7 - -35 - 44)?
-31
Calculate (0 - 5 - (39 + -11 + -28)) + 27.
22
Evaluate (-1 - 1) + -30 + (-8952 - -8974).
-10
What is the value of -63 + (-11 - (51 + -114))?
-11
What is the value of 28 + -59 + (-35 - -2 - -17)?
-47
What is 2 + 17 + -15 - ((22 - -44) + (1 - -5))?
-68
What is -11319 - -11333 - (1 + (2 + -26 - -3))?
34
Evaluate 29 - (1 + -23 - 1 - (59 + -70)).
41
What is -1 + -21 - (-37 - -42 - 1 - 18)?
-8
Evaluate 10864 + -10829 - (-39 + 3 + -1).
72
What is the value of -18 - (-60 - (-27 + 13 - (0 + -15)))?
43
Calculate (9 - 24) + 8 + -6 + (-322 - -304).
-31
Calculate -2 + (-18 + -9 - -14) + 19.
4
What is the value of -64 - 1 - ((1 - 13) + 29 + 21 + -29)?
-74
Evaluate 154 + -233 + 89 - (2 + -1 - -80).
-71
Calculate (18 - -1 - (647 - 604)) + -18.
-42
Evaluate 1 + -5 + -90 + (-3575 - -3591).
-78
What is 4 - (41 + -16 + -42)?
21
Evaluate -1966 + 1967 - (-2 - (-2 - -88) - -3).
86
Calculate -1 - -49 - (720 - 627).
-45
Calculate -22 + -1 - (-25 + 38 + -35).
-1
What is the value of (-57 - (-1 + -1)) + -804 + 768?
-91
What is 35 + -26 + (-24 - -45)?
30
Calculate (2 - (-29 - 5)) + ((15 - 7) + 23 - 21).
46
Evaluate -6 - (20 + -16 - 16) - 40.
-34
22 + -1 + (7 - 13) + 6 + (-25 - -12)
8
What is 3 + -6 + 19 - (4 + -9 - 15)?
36
Calculate -6 + (16 - 18) - 22.
-30
What is -1 + 45 - (269 - 228)?
3
What is (1 - -2) + (-20 - 26) + 49 - 107?
-101
(46 - -10) + -91 + -14
-49
Calculate -21 + 24 + 6 + 6 + -66.
-51
(4 + (0 - -12) - 11) + (-2 - -1)
4
Calculate (-4 + 49 - (-13 + 15 + -10)) + -4 + 2.
51
Calculate 1 + 16 - (-7 + (-84 - -60)).
48
Evaluate -1 + 79 + (-24 - -27 - 24).
57
Calculate -52 - (-23 - (-